alculate the greatest common divisor of 22 and j.
22
Suppose 304 = v + 11*v + 16. What is the greatest common factor of v and 3072?
24
Let f = 29839 + -29785. Calculate the highest common divisor of 46602 and f.
54
Let j(d) = 152*d**2 + 142*d**2 - 2 + 0 - 224*d**2. Let m be j(1). What is the highest common factor of 102 and m?
34
Suppose 0 = -35*l + 2*l + 2649 + 4182. What is the highest common factor of l and 552?
69
Suppose -33*w + 37*w - 379 + 67 = 0. What is the highest common divisor of 2626 and w?
26
Suppose 0 = -95*n + 88*n - 1400. Let g be ((-402)/(-8))/(60/n)*-2. What is the highest common divisor of g and 67?
67
Let d(l) = 8*l**3 + 135*l**2 - 20*l - 42. Let b be d(-17). Calculate the highest common divisor of b and 252.
9
Let z = -14 - -60. Let f = 401 - 47. Let a = 722 - f. Calculate the highest common factor of a and z.
46
Suppose 4580 = 5*n + 1101*v - 1096*v, 3*v + 1872 = 2*n. What is the highest common divisor of 308 and n?
308
Suppose 2*w = -3*d + 657, 117 + 216 = w + 3*d. Suppose 0 = s + 5*s - w. Calculate the greatest common factor of s and 45.
9
Let h be (-4)/6 + (-128)/(-3). Suppose 60 = 7*y - 80. Let w = y - -43. Calculate the highest common factor of w and h.
21
Suppose 14 + 79 = 3*w. Suppose 4*r + u = -21, -4*r + r + 2*u - 24 = 0. Let f = r + w. Calculate the greatest common factor of f and 10.
5
Suppose -284 - 328 = -9*q. Let c = q - 55. Calculate the highest common factor of c and 1.
1
Suppose 6*w = 11*w + 455. Let u = 11 - w. Suppose 13*j - 7*j - u = 0. What is the greatest common factor of j and 102?
17
Suppose -5*o = -2*s - 10, -5*s = 5*o - 0*s - 10. Suppose -29*p = 17 + 70. Let m be ((-34)/p*o)/((-4)/(-66)). What is the greatest common factor of m and 34?
34
Let u be (-10374)/(-570) - (-11)/(-5). What is the greatest common factor of u and 5176?
8
Suppose 0 = q + 4*q, 1178 = 2*g - 3*q. Suppose -39 - 28 = 40*d - 1307. What is the greatest common divisor of g and d?
31
Let h(l) = 4*l**2 + 7*l - 22. Let x be h(6). Calculate the greatest common factor of x and 4674.
82
Let f(q) = 29*q - 41. Let u be f(2). Suppose 3*r - 60 = -u*r. Calculate the greatest common divisor of 39 and r.
3
Let u be (2 + -5 - 2)*-4. Suppose 80 - u = 4*s. What is the greatest common factor of s and 3?
3
Suppose 25*g + 127*g - 56650 = 43062. Calculate the highest common factor of 1072 and g.
16
Let o(q) = -3882*q**3 - 10*q**2 - 9*q + 2. Let s be o(-1). What is the greatest common divisor of 22 and s?
11
Let z = 97 - 94. Let t(l) = -8*l - 12. Let i be t(-2). Suppose i*x - 5*u - 45 = 0, 0*u - 5*u = -5*x + 60. What is the highest common divisor of z and x?
3
Let l be (-24)/20*((-670)/30 - 21). What is the greatest common factor of 11258 and l?
26
Let t be (-3)/(-2) - (-63)/6 - 2. Suppose 500 = 17*i - t. Calculate the greatest common factor of 50 and i.
10
Let a = 893 + -572. Suppose -4*l - 52 = -p + 6*p, 2*l + 32 = -4*p. Let q be a/27 - l/72. What is the greatest common factor of 36 and q?
12
Let h(p) = -287*p - 94. Let d be h(-17). What is the greatest common factor of 55 and d?
55
Let l = -4265 + 4276. What is the highest common factor of l and 5489?
11
Suppose -10*u + 13800 = 36*u. Calculate the greatest common divisor of 315 and u.
15
Let i = 246 - 50. Suppose 0*m - m = -5*c + i, -5*c + 184 = -4*m. Calculate the highest common factor of 60 and c.
20
Let v(p) = -258*p + 2121. Let t be v(8). Calculate the highest common factor of t and 12.
3
Let p = 548 + -663. Suppose -510 = -2*g + 4*y, 4*g + 259 = 5*g - 3*y. Let u = g + p. What is the greatest common factor of 12 and u?
12
Suppose g - 15 = -7, -50477 = -3*z - 4*g. What is the highest common factor of z and 19?
19
Suppose -35 = f + 13. Let w = f + 53. What is the highest common divisor of w and 35?
5
Let g(i) = -42*i**3 - i - 2. Let a be g(2). Suppose -2*r = 6*r - 32. Let h be r/(-14) + a/(-14). What is the highest common factor of 6 and h?
6
Let c be ((-50)/45*33)/((-2)/6). Suppose -8*u + 9*u + 2*z - 14 = 0, u - 6 = 2*z. What is the greatest common divisor of u and c?
10
Let y = 573 + -421. Calculate the highest common divisor of y and 56.
8
Suppose 0 = -5*s - 304 + 59. Let n be ((-46)/(-10))/(10/(-100)). Let a = n - s. What is the greatest common divisor of a and 6?
3
Let z = -769 - -800. Suppose 4*y + 5*k - z = 0, -6*y - 5*k + 7 = -8*y. Let l be -6*3/(-2) - -1. Calculate the highest common factor of y and l.
2
Let v = 5 + 33. Let n = 16 - v. Let b = 17 - n. Calculate the greatest common factor of b and 13.
13
Let m(u) = 181*u + 37482. Let n be m(-207). Let v = 743 - 508. Let h = v + -70. What is the highest common divisor of n and h?
15
Let b(i) = 2269*i - 13636. Let l be b(20). Calculate the highest common factor of l and 31.
31
Let q = 57 - 97. Let b be (-2)/((-42)/4653) - q/(-70). What is the highest common factor of b and 13?
13
Let h(t) = t + 16. Let v be h(-16). Let d = v + 2. Suppose 5*x - 2*u - 217 = 598, -2*x + 340 = d*u. What is the highest common factor of 15 and x?
15
Suppose -15*x = -4*x. Suppose 5*i = 2*f - 100, -5*f + x*i = 3*i - 312. Calculate the greatest common divisor of 24 and f.
12
Let m(i) = -i**3 - 55*i**2 - 637*i + 522. Let s be m(-38). Suppose q - 23 - 5 = -2*y, -4*q + 84 = y. Calculate the greatest common divisor of s and q.
20
Suppose -2*z = -m - 1199, -2395 = -4*z - 17*m + 22*m. Calculate the highest common factor of z and 125.
25
Let i(z) = 17 + 24 + 28 + 7 + 10*z. Let a be i(-6). What is the greatest common factor of 208 and a?
16
Let z(f) = -2*f**3 - 4*f**2 + 2*f - 2. Let g be z(-4). Let l = -313 - -320. Let d = l - -11. Calculate the greatest common divisor of g and d.
18
Suppose -6*x + 17*x - 275 = 0. Let m be (x - 24)/((-934)/468 + 2). Suppose 2*d + 18 = 3*d. Calculate the greatest common divisor of d and m.
18
Let f = -2 - -16. Suppose 0 = 2*v - 42 + f. Suppose -v + 44 = b. What is the highest common divisor of 30 and b?
30
Let t = -35526 + 36072. Calculate the highest common factor of t and 336.
42
Let n(h) = 3*h**2 + 27*h - 2. Let m be n(2). Let b be 1290/8 - 4/m*20. Calculate the greatest common divisor of 256 and b.
32
Let g(i) = -3*i**2 + 59*i + 232. Let t be g(22). Calculate the highest common factor of 754 and t.
26
Let x be (-3894)/(-4)*(4/6 + 0/(-6)). What is the greatest common divisor of x and 99?
11
Let w(s) = 1. Let q(j) = 9*j + 10. Let m(g) = q(g) - 3*w(g). Let v be m(25). Suppose -v + 697 = 5*o. Calculate the greatest common divisor of o and 62.
31
Let l(t) = -t**3 + 33*t**2 + 6*t - 50. Let y be l(33). Calculate the highest common divisor of 60 and y.
4
Suppose 0 = n + n - 88. Suppose 5*t = t + n. Suppose 0 = q - 4*w - 113, 22*q - 23*q - 10*w + 141 = 0. What is the highest common factor of q and t?
11
Let t(k) = 97*k**2 - 75*k - 670. Let f be t(-9). What is the highest common divisor of f and 2?
2
Suppose 0 = 4*i - 6*i - 4*h - 580, 0 = -4*i + 4*h - 1112. Let b be (i/(-12) + -6)*(4 - 0). What is the highest common factor of 14 and b?
14
Let c be (-70 + 2)/(8 + -12). Suppose -953*a + 964*a = 16643. Calculate the greatest common divisor of c and a.
17
Suppose -5*c + 58 = 13. Suppose 275 = 5*b - 4*s - 297, -3*s = c. Let h = b - 73. Calculate the greatest common factor of 156 and h.
39
Suppose 0 = -3*d - 4*y + 80, -d + 15 = -5*y + 20. Calculate the highest common factor of 1620 and d.
20
Let x(s) = -s**2 - 7*s + 101. Let q be x(7). Calculate the greatest common divisor of q and 8.
1
Suppose -1275 = -2*t + 3*s, -5*t - 559*s + 3215 = -561*s. Calculate the greatest common factor of t and 516.
129
Let m = -66 + 83. Let a = m + -7. Let j(v) = -2*v**2 + 21*v + 10. Let f be j(a). What is the greatest common divisor of f and 2?
2
Let f(y) = -2*y**3 - 22*y**2 + 2. Let g be 2/6 - 204/18. Let s be f(g). Let u be (19/(-5))/(-3*s/30). Calculate the greatest common factor of 152 and u.
19
Suppose 0 = 2*g + 6*z - 334, -10*g = -11*g + 4*z + 202. What is the greatest common factor of g and 3042?
26
Let h(p) = p**3 + 26*p**2 + 30*p - 63. Let w be h(-18). What is the highest common factor of 68 and w?
17
Suppose -3*a + 26 = 5*p - 11, -a - 3*p + 19 = 0. Suppose -d - 16 = -2*d. Calculate the highest common divisor of a and d.
4
Let p be (-20)/50 - 522/(-30). What is the greatest common divisor of 2567 and p?
17
Let t(o) = -o + 17. Let a be t(11). Suppose -66*p + 82*